what is 6357 - 257768?
-251411
In base 10, what is 8108787 - -2?
8108789
In base 13, what is 2 - 3cc18ba6?
-3cc18ba4
In base 8, what is -6033710 + 7?
-6033701
In base 10, what is -20440270 + -21?
-20440291
In base 7, what is 3 - 442220135?
-442220132
In base 2, what is 100001101 - -1001101000010001?
1001101100011110
In base 12, what is 171305 + 1016?
17231b
In base 15, what is 3dece5c0 - -5?
3dece5c5
In base 14, what is -cd9db + -36?
-cda33
In base 8, what is -115330 - 14065?
-131415
In base 11, what is -9a4235 + -4?
-9a4239
In base 2, what is -111 + -101110101110011000011110000?
-101110101110011000011110111
In base 16, what is 665fbb - 7?
665fb4
In base 6, what is 0 + 2112510151?
2112510151
In base 14, what is 13383 + 20d5?
15478
In base 14, what is 36302a - -24?
363050
In base 16, what is cff - -2e32?
3b31
In base 10, what is 4189 - 11410?
-7221
In base 9, what is -118121 + 8231?
-108780
In base 5, what is -101 + -413114443?
-413120044
In base 4, what is 11133232001 - -22130?
11133320131
In base 9, what is 261 + 1036348?
1036620
In base 8, what is 2670773 - 1?
2670772
In base 11, what is 22a7808 - -29?
22a7836
In base 13, what is 19 + 60252?
6026b
In base 4, what is -31033 + -122021?
-213120
In base 14, what is 314 + -39185a?
-391546
In base 3, what is -101200021122 - 1122?
-101200100021
In base 2, what is -1101010111110101110000010 + 10011?
-1101010111110101101101111
In base 9, what is 371454442 - -4?
371454446
In base 7, what is 31454616 + 11?
31454630
In base 6, what is 235102 + -13?
235045
In base 13, what is 1a + 88067a?
880697
In base 11, what is -2 - a294909?
-a294910
In base 2, what is 10110011110100 - -1000111?
10110100111011
In base 13, what is -7 + -189c11a?
-189c124
In base 8, what is 61141 + 67?
61230
In base 6, what is -1500334311 - -2?
-1500334305
In base 5, what is -3 - -1144432300?
1144432242
In base 13, what is 10479aa - -19?
10479c6
In base 11, what is 5507 + -6745?
-1239
In base 3, what is 1010002100 - 221211211?
11020112
In base 7, what is 1 - 441412165?
-441412164
In base 16, what is -912 + 19a?
-778
In base 5, what is -22321 + -1423042?
-2000413
In base 6, what is 1030 + -12444412?
-12443342
In base 15, what is 3 + 116007?
11600a
In base 16, what is -2306fe8 + -4?
-2306fec
In base 15, what is -35e35 + 81?
-35da4
In base 4, what is 23110210111 + 211?
23110210322
In base 8, what is -44 - 71470?
-71534
In base 5, what is 422233001 - 1220?
422231231
In base 16, what is -2fa30 - 27?
-2fa57
In base 6, what is -1 - 15120551010?
-15120551011
In base 13, what is -7c1359 + -96?
-7c1422
In base 10, what is -5 - 85695229?
-85695234
In base 16, what is -d14e49 + -16?
-d14e5f
In base 16, what is 1f7314 + -89?
1f728b
In base 7, what is 1 - -23024444?
23024445
In base 16, what is -9f + 88f16?
88e77
In base 6, what is -405312350 + -2?
-405312352
In base 10, what is -8353900 + -2?
-8353902
In base 15, what is -1c0 + -34c4?
-3694
In base 8, what is 3 - 147552?
-147547
In base 15, what is -5b42b4b + -1?
-5b42b4c
In base 14, what is 2 - 9550919?
-9550917
In base 6, what is -4 - -314102225?
314102221
In base 16, what is -29c7 - -e97?
-1b30
In base 12, what is -b258342 + -1?
-b258343
In base 14, what is 25 + c5c758?
c5c77d
In base 10, what is -1858132 - -58?
-1858074
In base 13, what is -664b17 - 6?
-664b20
In base 13, what is 456 + -ba30?
-b5a7
In base 4, what is 102 + 21310300?
21311002
In base 11, what is -253 + -1683871?
-1684014
In base 6, what is -20 + -5232315040?
-5232315100
In base 14, what is -72 + -ca0a?
-ca7c
In base 4, what is 1023 - 13210223233?
-13210222210
In base 10, what is -3 + -17396231?
-17396234
In base 6, what is -34 + 131320151?
131320113
In base 5, what is -321043210 + -20?
-321043230
In base 9, what is -2737 + -36041?
-38778
In base 7, what is -25200 + -10224?
-35424
In base 11, what is 947 - -232594?
233430
In base 16, what is -37417f55 + 1?
-37417f54
In base 15, what is -290 - -1588c?
155ec
In base 2, what is -1010000 - -1001001001111?
1000111111111
In base 3, what is 1221220111 - 1211?
1221211200
In base 13, what is 31a59 - -140?
31b99
In base 4, what is -232033020111 + 10?
-232033020101
In base 16, what is e4f - -252?
10a1
In base 8, what is 434713 - 104?
434607
In base 9, what is 2 + -51326040?
-51326037
In base 13, what is 25 + 1c85267?
1c8528c
In base 4, what is -3001131232132 - 11?
-3001131232203
In base 5, what is 1024231131 - -141?
1024231322
In base 10, what is 578009 + 535?
578544
In base 8, what is 372 - -164245?
164637
In base 6, what is 4334 + 1425?
10203
In base 10, what is 232 - -988201?
988433
In base 16, what is -c4ebd8 + -6?
-c4ebde
In base 6, what is 5 - 10305312?
-10305303
In base 16, what is 3 + -7bf5528?
-7bf5525
In base 8, what is -643275 - -34?
-643241
In base 2, what is -1000111110001101110000100000 - 101?
-1000111110001101110000100101
In base 10, what is 188 + 756795?
756983
In base 4, what is -103221 - -2001102?
1231221
In base 11, what is -14023 + -64a?
-14672
In base 2, what is 1111100011 + 110101001111011?
110111001011110
In base 12, what is -4 + -42002997?
-4200299b
In base 16, what is -555748 + 1?
-555747
In base 14, what is 24a1ac + -5?
24a1a7
In base 5, what is -3 - -1102221213?
1102221210
In base 4, what is -2310132100 + 200?
-2310131300
In base 16, what is 2 - b1ae?
-b1ac
In base 9, what is -168087605 - -4?
-168087601
In base 4, what is -2220030311 - -101323?
-2213322322
In base 16, what is 5 - 643791c?
-6437917
In base 15, what is -9448bb + 7?
-9448b4
In base 15, what is -d62b17 - -5?
-d62b12
In base 9, what is -5 - 11758338?
-11758344
In base 13, what is -4 + -16a63bb5?
-16a63bb9
In base 14, what is 458 + -6753?
-62d9
In base 14, what is -21b954 - 9?
-21b95d
In base 2, what is 11100001000 - -1101011011011011101?
1101011110111100101
In base 16, what is -2023fc - c?
-202408
In base 3, what is 10201201101022 + -2020?
10201201022002
In base 12, what is 1 + 94242b?
942430
In base 6, what is 4143030215 - 4?
4143030211
In base 3, what is 2102022010200 + -110?
2102022010020
In base 5, what is -213 + 4321423?
4321210
In base 13, what is 62b - -1229?
1857
In base 10, what is 12419 - 88204?
-75785
In base 12, what is 4 - -b5773a60?
b5773a64
In base 4, what is -100123000 + -130002?
-100313002
In base 2, what is 10100001010000001000011100 + 0?
10100001010000001000011100
In base 8, what is 536226 - -2756?
541204
In base 8, what is -1034171 - -555?
-1033414
In base 8, what is -3 - 43406400?
-43406403
In base 7, what is -132 + 542611?
542446
In base 14, what is -7 - 5522d6?
-5522dd
In base 9, what is 3 - -2720773?
2720776
In base 8, what is 523160 + 5?
523165
In base 14, what is -15abc + 169?
-15953
In base 3, what is 10 + -10102112110201021?
-10102112110201011
In base 9, what is 65 + 135864?
136040
In base 13, what is -b + -203237a?
-2032388
In base 5, what is 130040 + -440410?
-310320
In base 9, what is -30017 + -5514?
-35532
In base 6, what is 122523 - 2240?
120243
In base 13, what is 8 + 5164c60?
5164c68
In base 13, what is 4c6b098 - -3?
4c6b09b
In base 12, what is -212a + 1b94?
-156
In base 3, what is -10012 - -12010102101022?
12010102021010
In base 2, what is -101101 - -1000110110001000100?
1000110110000010111
In base 5, what is -2 + 221020441120?
221020441113
In base 14, what is -a + 66d75?
66d69
In base 11, what is -354 + -37949?
-381a2
In base 5, what is 44 - 10122302?
-10122203
In base 2, what is 1110011000011 - 101100111?
1101101011100
In base 7, what is -46 + 24524662?
24524613
In base 7, what is -14134150 - 1?
-14134151
In base 2, what is -1100101 - -11001111100110?
11001110000001
In base 9, what is -1034081128 - 4?
-1034081133
In base 5, what is 10 + -241440410?
-241440400
In base 16, what is -1 + b22278?
b22277
In base 11, what is 1 - -52374870?
52374871
In base 14, what is 33b - 423a?
-3cdd
In base 9, what is -2 + 1805016?
1805014
In base 11, what is -1770012 + 63?
-176aa5a
In base 5, what is 102414130342 + -2?
102414130340
In base 7, what is 5434431 - -5?
5434436
In base 7, what is -213006402 - 4?
-213006406
In base 3, what is 110 - -212002002202202?
212002002210012
In base 4, what is -1012011133232 - 110?
-1012011200002
In base 7, what is -4 - -1425364123?
1425364116
In base 11, what is -98 - -7009?
6a21
In base 6, what is -31522 + -121?
-32043
In base 6, what is 225024